 tens digit of 775039?
3
What is the hundreds digit of 180954?
9
What is the hundreds digit of 1584964?
9
What is the units digit of 203081?
1
What is the units digit of 18513124?
4
What is the hundred thousands digit of 438162?
4
What is the tens digit of 510305?
0
What is the ten thousands digit of 10708166?
0
What is the units digit of 3254270?
0
What is the hundred thousands digit of 912348?
9
What is the hundred thousands digit of 6112627?
1
What is the thousands digit of 337145?
7
What is the tens digit of 1315345?
4
What is the hundred thousands digit of 196352?
1
What is the tens digit of 451647?
4
What is the millions digit of 2125707?
2
What is the ten thousands digit of 19498204?
9
What is the units digit of 1582368?
8
What is the hundreds digit of 112708?
7
What is the units digit of 225182?
2
What is the tens digit of 2250266?
6
What is the millions digit of 11508972?
1
What is the ten thousands digit of 18353093?
5
What is the millions digit of 9501873?
9
What is the tens digit of 214035?
3
What is the millions digit of 1170961?
1
What is the hundred thousands digit of 1440073?
4
What is the hundreds digit of 1074021?
0
What is the units digit of 486374?
4
What is the units digit of 500167?
7
What is the units digit of 377822?
2
What is the hundreds digit of 7349417?
4
What is the millions digit of 1697040?
1
What is the millions digit of 9326245?
9
What is the ten thousands digit of 1223951?
2
What is the ten thousands digit of 234995?
3
What is the units digit of 4987564?
4
What is the thousands digit of 36646255?
6
What is the thousands digit of 1253120?
3
What is the units digit of 7183344?
4
What is the ten thousands digit of 684594?
8
What is the hundred thousands digit of 7197388?
1
What is the millions digit of 3101666?
3
What is the thousands digit of 654577?
4
What is the thousands digit of 210730?
0
What is the units digit of 805859?
9
What is the millions digit of 4522732?
4
What is the millions digit of 5258140?
5
What is the millions digit of 15213312?
5
What is the units digit of 112782?
2
What is the hundreds digit of 9922826?
8
What is the millions digit of 1245542?
1
What is the thousands digit of 7274177?
4
What is the tens digit of 3305288?
8
What is the ten thousands digit of 597804?
9
What is the thousands digit of 42242?
2
What is the tens digit of 204765?
6
What is the hundreds digit of 3843614?
6
What is the units digit of 23840739?
9
What is the hundred thousands digit of 1960041?
9
What is the tens digit of 2817650?
5
What is the units digit of 128923?
3
What is the ten thousands digit of 353674?
5
What is the hundred thousands digit of 145952?
1
What is the tens digit of 757070?
7
What is the millions digit of 4709369?
4
What is the ten thousands digit of 508125?
0
What is the ten thousands digit of 492634?
9
What is the millions digit of 1019211?
1
What is the hundred thousands digit of 452615?
4
What is the units digit of 3404969?
9
What is the tens digit of 445701?
0
What is the tens digit of 122762?
6
What is the units digit of 27331756?
6
What is the tens digit of 135494?
9
What is the thousands digit of 102699?
2
What is the thousands digit of 595485?
5
What is the units digit of 3824466?
6
What is the ten thousands digit of 645324?
4
What is the ten thousands digit of 3700112?
0
What is the hundred thousands digit of 7502853?
5
What is the units digit of 3517655?
5
What is the hundreds digit of 280977?
9
What is the hundred thousands digit of 13915717?
9
What is the units digit of 719864?
4
What is the thousands digit of 288273?
8
What is the hundred thousands digit of 8364204?
3
What is the tens digit of 585027?
2
What is the hundreds digit of 8522441?
4
What is the tens digit of 4120570?
7
What is the thousands digit of 221757?
1
What is the hundred thousands digit of 13535499?
5
What is the tens digit of 307028?
2
What is the hundreds digit of 9568542?
5
What is the thousands digit of 2158023?
8
What is the tens digit of 219948?
4
What is the ten thousands digit of 140773?
4
What is the thousands digit of 2613248?
3
What is the ten thousands digit of 10291396?
9
What is the hundred thousands digit of 471934?
4
What is the hundred thousands digit of 477280?
4
What is the ten thousands digit of 4713194?
1
What is the hundred thousands digit of 2026794?
0
What is the hundred thousands digit of 122594?
1
What is the hundred thousands digit of 2149320?
1
What is the hundred thousands digit of 559732?
5
What is the tens digit of 11125143?
4
What is the hundreds digit of 3480359?
3
What is the units digit of 246685?
5
What is the ten thousands digit of 775672?
7
What is the thousands digit of 2965834?
5
What is the units digit of 23648?
8
What is the thousands digit of 4089057?
9
What is the tens digit of 201722?
2
What is the ten thousands digit of 3981171?
8
What is the thousands digit of 419663?
9
What is the units digit of 1090416?
6
What is the tens digit of 95955?
5
What is the tens digit of 5422438?
3
What is the millions digit of 1207542?
1
What is the hundred thousands digit of 133483?
1
What is the thousands digit of 136860?
6
What is the ten thousands digit of 618019?
1
What is the units digit of 2432011?
1
What is the ten thousands digit of 7756411?
5
What is the hundreds digit of 356320?
3
What is the units digit of 822934?
4
What is the hundred thousands digit of 4199322?
1
What is the tens digit of 346970?
7
What is the hundreds digit of 6473686?
6
What is the millions digit of 2431527?
2
What is the units digit of 1008590?
0
What is the units digit of 5577555?
5
What is the ten thousands digit of 22253566?
5
What is the tens digit of 366144?
4
What is the hundreds digit of 1090355?
3
What is the units digit of 4252312?
2
What is the units digit of 15637942?
2
What is the ten thousands digit of 12537158?
3
What is the millions digit of 5830734?
5
What is the thousands digit of 222918?
2
What is the ten thousands digit of 304270?
0
What is the thousands digit of 246127?
6
What is the ten thousands digit of 237267?
3
What is the units digit of 49610?
0
What is the hundreds digit of 10382619?
6
What is the hundred thousands digit of 233653?
2
What is the hundreds digit of 157374?
3
What is the units digit of 7039554?
4
What is the units digit of 2509087?
7
What is the millions digit of 1458985?
1
What is the units digit of 15261506?
6
What is the hundred thousands digit of 116753?
1
What is the ten thousands digit of 12433309?
3
What is the hundred thousands digit of 442677?
4
What is the ten thousands digit of 1259682?
5
What is the millions digit of 1259954?
1
What is the ten thousands digit of 967630?
6
What is the ten thousands digit of 385392?
8
What is the thousands digit of 70537?
0
What is the units digit of 391889?
9
What is the hundred thousands digit of 17768502?
7
What is the ten thousands digit of 5013465?
1
What is the units digit of 681234?
4
What is the ten thousands digit of 326719?
2
What is the tens digit of 107039?
3
What is the units digit of 4706054?
4
What is the hundred thousands digit of 3631879?
6
What is the ten thousands digit of 174317?
7
What is the thousands digit of 8783?
8
What is the ten thousands digit of 1579113?
7
What is the units digit of 466?
6
What is the units digit of 45177558?
8
What is the tens digit of 1298825?
2
What is the millions digit of 7334349?
7
What is the units digit of 2675086?
6
What is the tens digit of 8064925?
2
What is the hundred thousands digit of 113114?
1
What is the units digit of 3820587?
7
What is the ten thousands digit of 1832275?
3
What is the ten thousands digit of 207686?
0
What is the hundred thousands digit of 212629?
2
What is the ten thousands digit of 1221899?
2
What is the tens digit of 758664?
6
What is the hundred thousands digit of 351424?
3
What is the thousands digit of 9850477?
0
What is the units digit of 1137024?
4
What is the millions digit of 6229579?
6
What is the thousands digit of 2378265?
8
What is the hundreds digit of 2335335?
3
What is the thousands digit of 420665?
0
What is the ten millions digit of 14070075?
1
What is the ten thousands digit of 1352226?
5
What is the units digit of 8972?
2
What is the tens digit of 351428?
2
What is the ten thousands digit of 76196?
7
What is the mill